ainder when 125 is divided by l.
17
Suppose m = 0, g - 3*m = -0*m + 219. Let w = 135 - 91. What is the remainder when g is divided by w?
43
Suppose 110 = 2*l - l. Calculate the remainder when l is divided by (-1)/(108/112 + -1).
26
Calculate the remainder when 281 is divided by 2465/(-493) + (-1 + 2 - -80).
53
Suppose -8*i - l = -12*i + 216, -3*l = 0. Calculate the remainder when i is divided by 8.
6
Suppose 2590 - 898 = 18*l. Calculate the remainder when 383 is divided by l.
7
Calculate the remainder when 149 is divided by (-32)/80 + (0 - 252/(-5)).
49
Let o(y) = -y**2 + 13*y - 7. Let b be 2/7 - (-75)/7. Let x be 6/(-2) + b + 2. What is the remainder when o(x) is divided by 12?
11
Let c = 109 + -96. Suppose 130 = -3*l + c*l. What is the remainder when l is divided by 9?
4
Let h(f) = -f - 3. Let t be h(-11). Suppose -25 = -u + t. Calculate the remainder when u is divided by 54/45*15/2.
6
Suppose 7*d = 918 + 1938. What is the remainder when d is divided by 22?
12
Suppose 3118 = -4*f + 8*f + 2*k, 6 = 2*k. Calculate the remainder when f is divided by 60.
58
Let u(h) = h - 7. Suppose -4*l - 51 = -5*b, -b = b - 4*l - 18. What is the remainder when u(b) is divided by 3?
1
Suppose 13*c = 5*j + 10*c - 423, -83 = -j + c. What is the remainder when j is divided by 35?
17
Suppose -o + 5*o = 0, -2*o = -4*x + 248. Suppose 2*b + 2 = 0, 0 = a - 3*b - x - 44. What is the remainder when a is divided by 15?
13
Suppose 0*l - 28*l + 7000 = 0. What is the remainder when l is divided by 7?
5
Suppose 6*w - 5*z = 4*w + 182, -2*w + 198 = 3*z. Let v = 126 - w. Calculate the remainder when 148 is divided by v.
28
Suppose -7*a + j - 200 = -10*a, -a - 3*j + 80 = 0. What is the remainder when a is divided by 49?
16
Suppose 18 = 10*m - 4*m. Let q(x) = -5*x + 2*x + 6*x**2 + 3 - 9*x**2 + 2*x**m. What is the remainder when q(4) is divided by 18?
17
Suppose -5*b - 92 = -b. Suppose 23*j - 20*j = 105. Let w = j + b. What is the remainder when 21 is divided by w?
9
Suppose 4*p + 3*v + 2*v = 129, 0 = -p - 2*v + 36. Let c = p - 15. What is the remainder when 42 is divided by c?
9
Suppose 7*u - 50 = 2*u. Let f = 26 - u. Let a = 27 - f. Calculate the remainder when 17 is divided by a.
6
Let f = 1243 + -1227. What is the remainder when 191 is divided by f?
15
Let r(t) = -t**2 + 0*t**2 - 3*t + 13*t. Calculate the remainder when 69 is divided by r(6).
21
Calculate the remainder when 4583/9 + 86/(-387) is divided by 85.
84
Suppose 0 = -30*g + 37*g - 105. Calculate the remainder when 29 is divided by g.
14
Suppose 2*t = w - 36, -5*w + t - 51 = -267. Let d(u) = -3*u**3 - 2*u**2 - 3*u + 2. What is the remainder when d(-4) is divided by w?
42
Suppose 3*p = 3*i + 78, -136 = -2*p - 3*p + 3*i. Calculate the remainder when 90 is divided by p.
3
Let l(a) = a + 44. Calculate the remainder when 151 is divided by l(-7).
3
Let i = 270 + -242. Calculate the remainder when 104 is divided by i.
20
Let h(m) = -3*m**3 - 25*m**2 + 19*m + 76. Let s(v) = -11*v - 1. What is the remainder when h(-9) is divided by s(-1)?
7
Let y(r) = r**3 - r + 56. Let w be y(0). Let g = w - 36. Let j = -14 + 71. What is the remainder when j is divided by g?
17
Let p be 15*(-3)/(45/20). Calculate the remainder when -10*(-15)/p*-2 is divided by ((-6)/(-15))/((-1)/(-20)).
7
Suppose 0 = -0*y - 2*y - 40. Let l = 98 + -102. Let s = l - y. Calculate the remainder when 43 is divided by s.
11
Let i be (-40)/(-18) + (-2)/9. Suppose -i*h - 61 = -189. What is the remainder when h is divided by 11?
9
Let d = 18 + -13. Let t(v) = v + 7. Let j be t(-5). Suppose 2*s - 18 = 5*b, 4*s - 60 = j*b + 2*b. What is the remainder when s is divided by d?
4
Suppose 0 = 3*o - 12. Suppose 0 = 3*k - o*k + 13. Suppose d - 6 = 16. What is the remainder when d is divided by k?
9
Suppose -104 = -6*m + 34. Let o = 13 + m. What is the remainder when o is divided by 13?
10
Let a = -194 + 253. What is the remainder when a is divided by 20?
19
Let g = 351 + -69. Suppose -3*x - 11*q + 7*q = 16, 5*x + 16 = -4*q. Suppose x*k = 3*k - g. What is the remainder when k is divided by 24?
22
Let f = 121 + -36. What is the remainder when f is divided by 15?
10
Suppose -4*f + 9 = -3. Suppose 0*t - 77 = -f*z - 4*t, -2*t = 3*z - 73. What is the remainder when 44 is divided by z?
21
Calculate the remainder when 202 is divided by 54 + (-6 - -3 - 0).
49
Let r(h) = -2*h. Let z(a) = a**3 - 9*a**2 - 10*a + 3. Let g be z(10). Let u be r(g). Calculate the remainder when 55 is divided by (-1460)/(-80) + u/(-8).
17
Suppose 3*b + 71 = 4*x, b + 25 = -4*b. Let j(a) = 6*a - 118. Let v be j(22). What is the remainder when 67 is divided by v/49 + 192/x?
11
Suppose -5*d + 4*s = -112 - 49, -167 = -5*d - 2*s. Let o = 7 - 0. Let k(f) = f**3 - 4*f**2 - 4*f + 10. What is the remainder when k(o) is divided by d?
30
Calculate the remainder when 252 is divided by -12*(-15)/9 - -3.
22
Suppose -5*y = -2*i - 4, -5*y + 10 + 0 = -5*i. What is the remainder when 198/3 + i + -1 is divided by 22?
19
Let h = 880 - 863. Suppose -16 = -4*u - 3*s, -3*u - s + 12 = -3*s. Suppose 48 = u*k - 76. Calculate the remainder when k is divided by h.
14
Let y = -28 + 108. Calculate the remainder when y is divided by 41.
39
Let d(k) = -k**2 - 15*k - 14. Let r be d(-13). Let n(p) = 4*p + 15. What is the remainder when n(r) is divided by 8?
7
Suppose 5 = y - 4*c, -3*c = 2*y - 2 + 3. Let q(a) = 23*a**3 - a**2 + a - 1. What is the remainder when q(y) is divided by 5?
2
Let a = 1854 - 1842. What is the remainder when 141 is divided by a?
9
Let s be 2 + -1 + (1 - -1). Suppose 0 = -s*x + 15 + 9. What is the remainder when 15 is divided by x?
7
Let h be 0 - ((-24)/4 - -2). Suppose -5*c + 4*t + 16 = -0*t, 0 = -h*c - 3*t + 19. What is the remainder when 47 is divided by 3 + c/8*26?
15
Let v(j) = j + 8. Let w be v(-6). Suppose 0 = -w*k - 3*k + 15. Suppose x = 2, -k = -l + 3*x + 4. Calculate the remainder when l is divided by 8.
5
Suppose s - 10 = -s. Suppose 0*n = 3*n - 2*l - 123, -4*l + 183 = s*n. Suppose 5*i - 48 = 27. What is the remainder when n is divided by i?
9
Let q = 2 + 0. Let j = -8 + 8. Calculate the remainder when 13 is divided by (-21)/(-6)*(j + q).
6
Let n(y) = 3*y - 8*y - y**2 + 3*y - 1. Let w be n(-1). Suppose 5*t + 20 = w, 0*m = -2*m - 2*t + 74. What is the remainder when m is divided by 14?
13
Suppose -30*j + 28*j = -72. Let t(d) = -2*d + 3*d + 0*d - 6 + 25 + d**2. Calculate the remainder when j is divided by t(0).
17
What is the remainder when 51 is divided by 2 + 2 - (35/(-5) - 27)?
13
Let i = -152 - -159. Let z(x) = 2*x + 1. Suppose 11 - 38 = -3*d. Calculate the remainder when z(d) is divided by i.
5
Suppose z = -5*y + 588, 4*z + 16*y - 2335 = 13*y. Calculate the remainder when z is divided by 15.
13
Suppose -5*q = 30*l - 31*l + 17, -l = 4*q - 44. Calculate the remainder when 105 is divided by l.
9
Suppose 3 = -n - 5*b + 6, -3*n = -5*b - 29. Let v(h) = 6*h**2 + h - 3. Let l be v(2). Let r = l + 8. Calculate the remainder when r is divided by n.
7
Let t = -5 - -23. Suppose 2*p - 4*d = t, 6*d = 3*p + 3*d - 18. Let u(o) = 3*o - 18. What is the remainder when u(9) is divided by p?
0
Let l(n) = -11*n - 209. What is the remainder when l(-25) is divided by 16?
2
Let q(w) = -5*w + 11. Suppose 5*r = -4*b + 50, 6*r - 4*r + 3*b - 20 = 0. Let h be q(r). Calculate the remainder when (-3)/(165/h + 4) is divided by 5.
3
Suppose -4*i + 2*b = -b - 49, 0 = -5*i + 4*b + 61. Suppose -29 = -6*q + i. What is the remainder when 3*-2*11/(-6) is divided by q?
4
Suppose 52 - 52 = -2*w. Suppose 0 = c - 5*p + 11, w = 3*c - 0*c + p - 31. Calculate the remainder when 17 is divided by c.
8
Let n = 373 - 362. Let x = 38 + -17. Calculate the remainder when x is divided by n.
10
Let z(p) = 2*p**2 - 7*p - 6. Let j be z(-5). Suppose -j + 24 = -5*m. What is the remainder when 16 is divided by m?
5
Let q(r) = -19*r - 111. What is the remainder when 7 is divided by q(-6)?
1
Suppose -62*g + 63*g - 29 = 0. What is the remainder when g is divided by 8?
5
Suppose 88 = 2*i - 3*u, -i - 5*u + 41 = -8*u. Let h(d) = 2*d. Let p = 20 + -14. What is the remainder when i is divided by h(p)?
11
Calculate the remainder when (26/39)/(3/(-2916)*-3) is divided by 74.
68
Let g(r) = 119*r - 98. Calculate the remainder when 77 is divided by g(1).
14
Let h(f) be the third 